t is the remainder when 11213 is divided by 20?
13
What is the remainder when 9749 is divided by 250?
249
Calculate the remainder when 30526 is divided by 16.
14
Calculate the remainder when 375 is divided by 191.
184
What is the remainder when 5636 is divided by 47?
43
Calculate the remainder when 104 is divided by 31.
11
Calculate the remainder when 574 is divided by 34.
30
What is the remainder when 600 is divided by 55?
50
What is the remainder when 4117 is divided by 257?
5
Calculate the remainder when 248 is divided by 21.
17
Calculate the remainder when 508 is divided by 131.
115
What is the remainder when 428 is divided by 62?
56
Calculate the remainder when 54 is divided by 24.
6
Calculate the remainder when 308 is divided by 35.
28
Calculate the remainder when 5510 is divided by 149.
146
Calculate the remainder when 1149 is divided by 33.
27
Calculate the remainder when 334 is divided by 115.
104
Calculate the remainder when 4965 is divided by 33.
15
What is the remainder when 95 is divided by 16?
15
What is the remainder when 66 is divided by 23?
20
What is the remainder when 23 is divided by 13?
10
What is the remainder when 771 is divided by 23?
12
What is the remainder when 108 is divided by 22?
20
What is the remainder when 492 is divided by 88?
52
Calculate the remainder when 1073 is divided by 35.
23
Calculate the remainder when 75 is divided by 48.
27
Calculate the remainder when 857 is divided by 42.
17
What is the remainder when 5734 is divided by 12?
10
Calculate the remainder when 44 is divided by 17.
10
What is the remainder when 671 is divided by 25?
21
What is the remainder when 75 is divided by 26?
23
What is the remainder when 1774 is divided by 74?
72
What is the remainder when 40 is divided by 10?
0
What is the remainder when 171 is divided by 7?
3
What is the remainder when 102 is divided by 30?
12
What is the remainder when 230 is divided by 21?
20
What is the remainder when 300 is divided by 124?
52
What is the remainder when 18 is divided by 3?
0
Calculate the remainder when 862 is divided by 54.
52
Calculate the remainder when 5538 is divided by 72.
66
Calculate the remainder when 113 is divided by 83.
30
Calculate the remainder when 1930 is divided by 68.
26
Calculate the remainder when 2539 is divided by 41.
38
What is the remainder when 124 is divided by 10?
4
Calculate the remainder when 477 is divided by 20.
17
What is the remainder when 1421 is divided by 121?
90
What is the remainder when 50 is divided by 27?
23
Calculate the remainder when 267 is divided by 28.
15
Calculate the remainder when 326 is divided by 83.
77
Calculate the remainder when 62 is divided by 18.
8
What is the remainder when 885 is divided by 51?
18
Calculate the remainder when 869 is divided by 179.
153
Calculate the remainder when 4694 is divided by 188.
182
Calculate the remainder when 1734 is divided by 7.
5
What is the remainder when 3 is divided by 2?
1
Calculate the remainder when 502 is divided by 128.
118
Calculate the remainder when 5331 is divided by 14.
11
Calculate the remainder when 420 is divided by 6.
0
Calculate the remainder when 1397 is divided by 25.
22
Calculate the remainder when 2775 is divided by 235.
190
Calculate the remainder when 303 is divided by 95.
18
Calculate the remainder when 31 is divided by 8.
7
Calculate the remainder when 274 is divided by 134.
6
Calculate the remainder when 173 is divided by 45.
38
What is the remainder when 231 is divided by 94?
43
What is the remainder when 3236 is divided by 72?
68
Calculate the remainder when 350 is divided by 28.
14
What is the remainder when 1394 is divided by 4?
2
What is the remainder when 3143 is divided by 26?
23
What is the remainder when 7577 is divided by 17?
12
Calculate the remainder when 97 is divided by 35.
27
What is the remainder when 4747 is divided by 95?
92
Calculate the remainder when 1745 is divided by 577.
14
What is the remainder when 18266 is divided by 261?
257
What is the remainder when 218 is divided by 30?
8
What is the remainder when 250 is divided by 51?
46
Calculate the remainder when 194 is divided by 90.
14
What is the remainder when 1324 is divided by 247?
89
Calculate the remainder when 46558 is divided by 32.
30
Calculate the remainder when 114 is divided by 111.
3
What is the remainder when 17467 is divided by 397?
396
What is the remainder when 574 is divided by 36?
34
What is the remainder when 756 is divided by 86?
68
What is the remainder when 378 is divided by 19?
17
What is the remainder when 614 is divided by 141?
50
Calculate the remainder when 572 is divided by 41.
39
Calculate the remainder when 382 is divided by 64.
62
What is the remainder when 207 is divided by 52?
51
Calculate the remainder when 2515 is divided by 87.
79
What is the remainder when 54 is divided by 9?
0
What is the remainder when 200 is divided by 37?
15
Calculate the remainder when 436 is divided by 61.
9
Calculate the remainder when 13 is divided by 8.
5
Calculate the remainder when 9072 is divided by 11.
8
What is the remainder when 323 is divided by 139?
45
What is the remainder when 262 is divided by 129?
4
What is the remainder when 117 is divided by 43?
31
What is the remainder when 3723 is divided by 6?
3
Calculate the remainder when 768 is divided by 77.
75
Calculate the remainder when 2839 is divided by 4.
3
Calculate the remainder when 153 is divided by 39.
36
What is the remainder when 196 is divided by 35?
21
What is the remainder when 278 is divided by 47?
43
Calculate the remainder when 288 is divided by 27.
18
What is the remainder when 57 is divided by 6?
3
What is the remainder when 279 is divided by 47?
44
Calculate the remainder when 802 is divided by 171.
118
Calculate the remainder when 940 is divided by 346.
248
Calculate the remainder when 1631 is divided by 352.
223
Calculate the remainder when 109 is divided by 16.
13
What is the remainder when 525 is divided by 7?
0
What is the remainder when 1770 is divided by 137?
126
Calculate the remainder when 170 is divided by 62.
46
Calculate the remainder when 1589 is divided by 789.
11
What is the remainder when 1324 is divided by 17?
15
What is the remainder when 80 is divided by 43?
37
Calculate the remainder when 1050 is divided by 13.
10
What is the remainder when 186 is divided by 91?
4
What is the remainder when 2506 is divided by 13?
10
Calculate the remainder when 4756 is divided by 207.
202
What is the remainder when 299 is divided by 12?
11
What is the remainder when 1327 is divided by 231?
172
Calculate the remainder when 24 is divided by 5.
4
Calculate the remainder when 370 is divided by 11.
7
What is the remainder when 2540 is divided by 82?
80
What is the remainder when 237 is divided by 34?
33
What is the remainder when 234 is divided by 70?
24
What is the remainder when 5039 is divided by 120?
119
Calculate the remainder when 148 is divided by 25.
23
What is the remainder when 65 is divided by 10?
5
What is the remainder when 670 is divided by 56?
54
Calculate the remainder when 79 is divided by 23.
10
Calculate the remainder when 5357 is divided by 282.
281
What is the remainder when 137 is divided by 2?
1
Calculate the remainder when 1516 is divided by 41.
40
Calculate the remainder when 121 is divided by 37.
10
What is the remainder when 8005 is divided by 44?
41
What is the remainder when 2429 is divided by 135?
134
What is the remainder when 372 is divided by 34?
32
What is the remainder when 184 is divided by 17?
14
What is the remainder when 1547 is divided by 5?
2
What is the remainder when 217 is divided by 58?
43
What is the remainder when 29 is divided by 14?
1
What is the remainder when 277 is divided by 55?
2
Calculate the remainder when 29 is divided by 4.
1
What is the remainder when 251 is divided by 243?
8
Calculate the remainder when 79 is divided by 16.
15
What is the remainder when 2519 is divided by 97?
94
What is the remainder when 133 is divided by 68?
65
Calculate the remainder when 206 is divided by 9.
8
Calculate the remainder when 1009 is divided by 49.
29
What is the remainder when 210 is divided by 45?
30
Calculate the remainder when 128 is divided by 36.
20
Calculate the remainder when 660 is divided by 41.
4
What is the 